. Let o be 4/h + 0/(-2). Suppose -o*a - a = -42. What is the units digit of a?
4
Let i(b) = 4*b**2 - 17*b - 18. What is the units digit of i(9)?
3
Let s be (-4)/(-3) + 2/3. Suppose -3*l + 2 = r, 2*r + s*l + 1 = 5. What is the units digit of r?
2
Suppose 0 = 5*f - 30 - 5. What is the units digit of f?
7
Suppose 17 - 3 = -2*r + 2*n, 0 = -3*r - 4*n - 21. Let x(i) = 0 - 4 + 7 + 2 + i**2 + 7*i. What is the units digit of x(r)?
5
Let z be (4/12)/((-1)/(-3)). Suppose 2*l - z = 11. What is the units digit of l?
6
Suppose -5*n = 2*m - 1095 - 250, 2*n + 5*m - 559 = 0. What is the units digit of n?
7
Let k be 2 - (-1 + (-2 - -2)). Suppose 2*u = -k + 23. What is the tens digit of u?
1
Let m = 3 - 1. Let h be m*((-4)/(-2))/2. Suppose 12 = -h*g + 30. What is the units digit of g?
9
Let m be 2/4 - (-46)/(-4). Let o = 20 + m. Suppose -o = -2*i + 15. What is the tens digit of i?
1
Let a = 5 + -10. Let n be -1 + (8 - (-3 - a)). Suppose 5*z + n*s - 45 = 0, 2*s - 20 = -2*s. What is the units digit of z?
4
Let b = -75 + 136. What is the units digit of b?
1
Let j(x) = -4*x**2 - 7*x - 8. Let g be j(-6). Let n = -61 - g. Let m = n - 34. What is the tens digit of m?
1
Let s(l) = 6*l + 2. Let u be s(3). Let b = u + -12. What is the units digit of b?
8
Let j(c) = -c**3 - 3*c**2 + 4*c + 6. Suppose 4*z - 2*l + 24 = 0, 3*l - 26 = 5*z + 6. What is the units digit of j(z)?
6
Let a(c) = -c**2 - 24*c + 33. What is the units digit of a(-25)?
8
Let s = -9 + 16. Suppose 0 = -s*d + 5*d + 12. What is the tens digit of -3*((-50)/d - -3)?
1
Suppose -2*y = 1 - 75. What is the units digit of y?
7
Let w = 28 - -3. What is the tens digit of w?
3
Let z(n) = n**3 + 4*n**2 + 2*n + 1. Let i be z(-3). Suppose -i*x - x - 5 = 0. What is the units digit of (2*-7)/(x - 1)?
7
Let m = -42 + 78. What is the units digit of m?
6
Let c = 10 - 7. Suppose -d + c = -0. What is the units digit of d?
3
Suppose t - 159 - 105 = -2*w, 0 = 4*t - 2*w - 1086. What is the tens digit of t?
7
Let g = 6 + -4. Suppose -8 - 34 = -g*o. What is the units digit of o?
1
Let c(h) = -3*h + 6*h - 2*h + 2 - 2*h. Let y be c(0). What is the units digit of (6 + y)*(-1)/(-2)?
4
Suppose 9*g - 679 + 139 = 0. What is the units digit of g?
0
Let r be (-6)/4 - 11/(-2). Let p = r - -17. What is the units digit of p?
1
Let y = 11 - 8. Let c(p) = 0*p - p**3 - 3*p**y - p + p**3. What is the units digit of c(-1)?
4
Let a = -18 + 16. What is the units digit of (-2 - 0)/(a/19)?
9
Let l(o) = o**2 - 5*o + 2. Let h(d) = 2*d**2 - 10*d + 3. Let v(u) = -6*h(u) + 11*l(u). What is the units digit of v(3)?
0
Let y(s) = s**3 - 10*s**2 + 10*s - 6. Let j be y(9). Let q(g) = 2*g + 5. What is the units digit of q(j)?
1
Let d(n) = 4*n + 92. What is the hundreds digit of d(32)?
2
Let c = -8 - -10. What is the tens digit of 24/c + (-2)/(-2)?
1
Suppose -5*m - 13 = 2*s, m + 75 = -5*s - 3*m. Let i = -11 - s. What is the units digit of i?
8
Let u = 68 + -116. Let x = u - -91. What is the tens digit of x?
4
Let u(b) = -b**3 + 12*b**2 + 16*b - 36. Let x be u(13). Suppose -p - 3*p + 32 = 0. Suppose p = x*i + d + d, -3*i = 4*d - 4. What is the units digit of i?
4
Let b(j) be the second derivative of j**6/120 - j**4/8 + j**3/6 + j**2 + 2*j. Let y(v) be the first derivative of b(v). What is the units digit of y(2)?
3
Let p(k) = 4*k**3 - 2*k**2 - 2. What is the units digit of p(2)?
2
Let a(r) = 2*r - 1. Let y be a(2). What is the units digit of -1 + y - (-33)/3?
3
Suppose 11 = -4*f + f - 5*p, 5*p + 32 = 4*f. Suppose -2*o + n - f + 40 = 0, o + 5*n - 35 = 0. Let h = o - 10. What is the units digit of h?
0
Suppose -22*a = -20*a - 12. What is the units digit of a?
6
Let p(l) = -2*l + 1. Suppose 12 = 4*w + 4. Suppose -3*g - 17 = -w. What is the units digit of p(g)?
1
Let x(c) = -c**3 - 3*c**2 - 2*c - 1. Let y be x(-2). What is the units digit of (-5 + (2 - 2))/y?
5
Let c(p) = -p. Let i be c(0). Suppose -22 - 3 = -5*f. Suppose f*s - 10 = i, 4*h - s - 38 = 2*s. What is the tens digit of h?
1
Suppose 16 = -0*y - 5*y + p, 0 = -4*y - 2*p - 24. What is the tens digit of (14/5)/(y/(-20))?
1
Let x(i) = 2*i**2 + 2*i - 8. What is the units digit of x(5)?
2
Suppose 2*k + 1 = 3. What is the tens digit of ((-15)/(-2))/(k/2)?
1
Suppose 3*y = 6*y - 48. What is the tens digit of y?
1
Let y = -68 - -174. What is the tens digit of y?
0
Let h = 1 - -1. What is the units digit of h?
2
Let h be 11/2*(11 + -9). Suppose -2*c + h = -c. What is the tens digit of c?
1
Let n = 217 - 17. What is the hundreds digit of n?
2
Let g = -3 + 0. Let q be 45 + 6/(-9)*g. Suppose 0 = -2*a - r + 27, 2*r + q - 5 = 2*a. What is the units digit of a?
6
Suppose 53 = -4*y - 47. What is the units digit of (-234)/(-10) - (-10)/y?
3
Let w(p) = p**2 - 10*p - 7. Let b be w(11). Suppose 3*s = -x + 53, 4 + b = -2*s. Suppose -n + 3*c + 25 = 0, -2*n = 3*n - 3*c - x. What is the units digit of n?
0
Let b = -78 - -154. Suppose -5*f = 6 - b. What is the tens digit of f?
1
Suppose 7*c = 3*c + 60. What is the units digit of c?
5
Suppose -3*g + g = 10. Let m(d) = d - 6. Let i(q) = -3*q + 13. Let r(f) = 2*i(f) + 5*m(f). What is the units digit of r(g)?
1
Let l(h) = h**3 + 2*h**2 - 1. Let c be l(-1). Suppose c = v - 2*i - 28, 4*v - 8*v + 101 = 3*i. What is the tens digit of v?
2
Let a(p) = -p**3 + 16*p**2 + 5*p - 17. What is the tens digit of a(16)?
6
Let z(f) = f**2 + 10*f - 15. Let g be z(-12). Let y = g + -15. What is the units digit of 2/6 - y/9?
1
Let y(p) = p**2 - 2*p - 2. Let j be y(3). Let w(h) = 9*h**2 - 2*h + 1. What is the units digit of w(j)?
8
Suppose -3*x = -p - 4*p - 226, x = p + 76. What is the tens digit of x?
7
Let n be 6 + (-2 - 0/(-2)). Suppose 7 = -2*f - 5*g, -g - g = n*f + 54. Let p = -6 - f. What is the tens digit of p?
1
Suppose 0*l + 2*l - 104 = 0. What is the units digit of l?
2
Suppose 4*g + 2*y - 29 - 181 = 0, -y = -3. Let x = g - 35. What is the tens digit of x?
1
Suppose 0 = -0*c + 4*c - 36. Let a(j) = -5 - 5 - j**2 - c*j + 0. What is the units digit of a(-7)?
4
Let p(t) = -t**2 - t - 2. Let l(u) = -4 + 4 - 1. Let c(h) = 2*l(h) - p(h). What is the units digit of c(2)?
6
Let a = 10 + -14. What is the units digit of (a - -1) + 47 + 4?
8
Let g(z) = -z**2 + 5*z - 1. Let m be g(2). Suppose -m*f = -4*f - 1, -5*t + f = -89. What is the units digit of t?
8
Suppose -s + 2*s + 23 = t, 4*t - 3*s - 87 = 0. What is the tens digit of t?
1
Let k(y) = y**3 + 5*y**2 - 7*y + 1. Let c = 9 + -15. Let b be k(c). Suppose -b*l = -2*l - 40. What is the units digit of l?
8
Let r(w) = -w**3 + 7*w**2 + 2. Let f be r(7). Suppose -u = -3, -f*a - 3*u = -3*a - 7. What is the tens digit of 4/(-2) - (-28)/a?
1
Suppose -2*i - 12 = -5*j, -2*j + 28 = 3*i + 2*j. Suppose -3*a - g + 19 = 0, -i - 29 = -a + 5*g. What is the units digit of a?
8
Let t = 289 - 143. What is the hundreds digit of t?
1
Suppose -4*g = -4*p - 484, 4*p + 406 - 160 = 2*g. What is the units digit of g?
9
Let k be -2*(-2 - -1)*-2. Let q = k + 9. What is the units digit of q?
5
Let c = 69 + -42. What is the tens digit of c?
2
What is the units digit of 16 - -42 - (-1 + -1)?
0
Suppose -6 = 2*f, 5*m + 2*f - 4 - 10 = 0. What is the units digit of m?
4
Let o = 30 + -10. What is the tens digit of o?
2
Let p = -69 + 122. What is the tens digit of p?
5
Let m = -37 - -22. Let i be 2*(m/3 + 2). Let s = 7 - i. What is the tens digit of s?
1
Let l(j) = 16*j**2 - j. Let s be l(1). Let c = s + -10. Suppose -u = -5*m + 6, 0 = -m + c*m - 2*u - 6. What is the units digit of m?
1
Let o = -3 - 0. What is the tens digit of ((-3)/6)/(o/78)?
1
Let n(x) = 3*x + 3. What is the tens digit of n(4)?
1
Let n = 166 + -420. Let t be (-1)/(-4) - n/8. Let g = t + -23. What is the units digit of g?
9
Let h(a) be the third derivative of a**6/120 + 2*a**5/15 - a**4/8 - 7*a**3/6 - 3*a**2. Suppose 9 = -2*o - 7. What is the units digit of h(o)?
7
Let m = 12 + -6. Let z be (m/(-9))/((-1)/3). Suppose -10 = -z*p + 22. What is the tens digit of p?
1
Suppose -4*p + 20 = p. What is the units digit of p?
4
Let d = 18 - 11. What is the units digit of (2*-1)/((-2)/d)?
7
Suppose 5*h = 5, n - h = -0*n + 119. What is the units digit of n?
0
Suppose -3*k = n - 14, -3*k - 52 = -4*n - n. What is the units digit of n?
1
Suppose 20 = -t + 6*t. Suppose t*y = 2 + 2. What is the units digit of y?
1
Let l(f) = f + 25. Let a = 0